(l). What is h(5)?
2
Let q(h) = h**2 + 11*h - 12. Let p be q(-12). Suppose 3*m - 9 - 6 = p, 3*s - m - 16 = 0. Let x(a) = a**3 - 6*a**2 - 7*a + 1. Determine x(s).
1
Let z(q) = 14*q**2 - 17. Let g(u) = 5*u**2 - 6. Let i(b) = 17*g(b) - 6*z(b). Let l be 3/(((-1)/1)/(-1)). Give i(l).
9
Let d(s) = 2*s**3 - 14*s**2 + 12*s + 15. Let i(g) = 3*g**3 - 21*g**2 + 18*g + 22. Let t(m) = 7*d(m) - 5*i(m). What is t(6)?
-5
Let y(i) = i. Let g(f) = 2*f + 2. Let q(h) = -g(h) + 5*y(h). What is q(2)?
4
Let m be -5 - -3*1/(-3). Let p(n) be the second derivative of n**4/12 + 5*n**3/6 - 4*n**2 - 8*n. Calculate p(m).
-2
Let q(l) = -2*l**2 - 4*l + 1. Let i be q(-3). Let g(t) = 11*t + t**2 + 1 - 7*t - 5*t**2 + 5*t**2. Determine g(i).
6
Let l(z) be the second derivative of z**3/6 - 32*z. Calculate l(4).
4
Let v(t) = -t**3 - 3*t**2 + t + 5. Let p(u) = -u**2 + 12*u + 60. Let d be p(16). What is v(d)?
17
Suppose -22 = -3*o - 5*i, -o - 3*o - 3*i = -22. Let q = -1 + o. Let s(z) = z**3 - z**2 - 3*z. Determine s(q).
9
Let l = 36 + -38. Let p(f) = 3*f**3 + 3*f + 5. Let b(o) = 7*o**3 - o**2 + 6*o + 11. Let d(w) = 2*b(w) - 5*p(w). Give d(l).
3
Let o = 0 - 5. Let l(w) = -7*w**2 - 5. Let v(r) = 6*r**2 + r + 5. Let f(q) = -5*l(q) - 6*v(q). What is f(o)?
0
Let q be (-6)/(-12)*1/(-12)*-1. Let w(y) be the third derivative of 1/3*y**3 - y**2 + 0 + q*y**4 + 0*y. Give w(2).
4
Let j be (-6)/(3 - 4) - 0. Let a(n) = -n**3 + 7*n**2 - 6*n + 4. What is a(j)?
4
Suppose 0 = 4*o - o + 9. Let b(s) = -3*s - 3. Calculate b(o).
6
Let s = 88 - 93. Let l(y) = -y**2 - 4*y + 4. Determine l(s).
-1
Let x(t) = -t + t**2 - 11 + 23 - 20. Give x(0).
-8
Let l(o) = -o**3 + 3*o**2 - 5*o + 2. Let k(h) = -h**2 - 1. Let i(d) = -2*k(d) + l(d). Determine i(4).
0
Let u(w) be the first derivative of -6 - 1/2*w**4 - 1/3*w**3 + w + 1/2*w**2. Calculate u(-1).
1
Let h(r) = 2*r - 2. Let k be h(2). Let u(s) = 0 + 6*s**3 + 1 + s**2 - 8*s**3. Determine u(k).
-11
Let f(v) = -v - 1 - 5 + 4. Let t(j) = -j - 7. Let k be t(-8). Let g = -1 - k. Calculate f(g).
0
Let q(a) = 16*a**3 + 41*a**2 + 21*a - 21. Let t(b) = -3*b**3 - 8*b**2 - 4*b + 4. Let k(x) = 2*q(x) + 11*t(x). Give k(-5).
-13
Let l(k) be the third derivative of k**6/720 - 7*k**5/120 + k**4/8 + 5*k**2. Let w(z) be the second derivative of l(z). Give w(-5).
-12
Let r(b) be the second derivative of b**3/6 + 3*b**2/2 + 4*b. Suppose 5*c + 14 = -11. What is r(c)?
-2
Suppose -4*d + 21 = -31. Let s(z) = d - z**2 - 13 + z + z. Give s(3).
-3
Let j = 1 - -1. Let y(t) = 1 + 3*t**3 + 4*t - 3*t**2 + 3*t**j - 2*t. Give y(-1).
-4
Let i(x) = -12*x + x + 2*x + 4 - x**2. Determine i(-10).
-6
Let n = -10 + 15. Let s(i) = -i - 5*i**2 + 1 + i**3 + i**3 + 4*i**3 - 5*i**3. Calculate s(n).
-4
Let i = 4 + 0. Suppose 5 = 2*l - a, -5*a + 1 = i*l + 12. Let o(x) = 7*x**2. What is o(l)?
7
Let w(a) = -a - 9. Let s be 0 + -6*(-1)/2. Suppose 0 = 3*z - 6, 4*h - s*h + 8 = z. Let t be w(h). Let v(g) = 2*g + 2. What is v(t)?
-4
Let m(f) be the first derivative of -f**4/4 + 4*f**3/3 + 2*f**2 - 3*f - 1. Suppose 0 = -3*b + 5*l + 5, -4*b + 0*l + 16 = -2*l. Suppose c + 0*c = b. Give m(c).
-8
Let n = 12 - 18. Let l(o) = 5*o**3 + 10*o**2 + 6*o + 2. Let z(k) = 4*k**3 + 9*k**2 + 5*k + 2. Let t(p) = -3*l(p) + 4*z(p). Calculate t(n).
-10
Let y(c) be the first derivative of -c**6/60 + c**5/20 - c**4/24 - c**3/6 - 3*c**2 - 2. Let p(t) be the second derivative of y(t). Determine p(2).
-7
Let d be 1/(-2) - 22/4. Let a(g) = -g**2 - 8*g - 9. Let m be a(d). Let z(q) be the first derivative of -q**2 + 2*q - 14. Calculate z(m).
-4
Let w(t) = -t**2 + 3*t - 6. Suppose -12 = -19*y + 16*y. What is w(y)?
-10
Let v(g) = g**2 + 2*g - 2. Suppose -10 = -3*w + w. Suppose -k + w*z + 6 = 0, -3*k + 4 = 2*z + 20. Give v(k).
6
Let l(h) be the third derivative of -1/8*h**4 + 0 - 1/60*h**5 + 1/2*h**3 - 3*h**2 + 0*h. Give l(-4).
-1
Let x(a) be the first derivative of a**4/12 + a**3 + 2*a**2 - a - 1. Let o(b) be the first derivative of x(b). Determine o(-5).
-1
Let c = -2 + 1. Let b be c/2 + (-3)/(-2). Let m(k) be the third derivative of -k**5/30 + 14*k**2. What is m(b)?
-2
Let j be (-210)/(-55) + (-4)/(-22). Let b(f) = j*f - 2*f + 6*f + 1. What is b(1)?
9
Let r(i) = -i**2 - 8*i - 12. Let p be r(-6). Let c(u) be the third derivative of 1/120*u**6 + 4/3*u**3 + 1/6*u**4 + 0*u + u**2 + p - 7/60*u**5. Give c(6).
-4
Let q = 9 + -7. Let g(j) = -1 - j + 3*j + q*j. Give g(-1).
-5
Let s(i) be the second derivative of -i**5/20 - i**4/4 + i**3/2 + i**2 + 6*i. Determine s(-3).
-7
Suppose -6 = -3*i - 5*n, -2*i + 0*i - 3*n = -4. Let a(l) = -l + 5*l**3 + 0*l**2 + l**2 - i*l**3 - 1 - 2*l**3. Calculate a(0).
-1
Let j(w) = -3*w**3 - w**2 - w. Suppose -4*p + 5*d = -p - 16, -p = 2*d + 2. Suppose -3 = k + z, -z + 0*z = p. What is j(k)?
3
Let b(j) = -3*j - 4*j + 6*j - 2*j**3 + j**2 + 0*j**2. What is b(1)?
-2
Let c(w) = 13*w**2 + 4*w - 11. Let x(u) = -6*u**2 - 2*u + 5. Let q(m) = -3*c(m) - 7*x(m). Calculate q(-3).
19
Let p(f) = -3*f**2 - 25*f - 28. Let x(m) = 2*m**2 + 17*m + 19. Let b = 7 + 0. Let d(k) = b*x(k) + 5*p(k). Give d(-6).
-7
Let g(f) be the second derivative of f**3/3 - 5*f. Calculate g(-6).
-12
Let q(o) be the third derivative of -o**5/30 - o**3/6 + 34*o**2. What is q(-1)?
-3
Let l(j) = -j - 1. Let a(h) be the first derivative of 2*h**2 - h - 1. Let r(f) = -a(f) + l(f). Let y = -1 + 2. Determine r(y).
-5
Let m(t) = t**3 - t**2 - t. Let s be m(2). Suppose 5*v - 15 = -0*v. Let q(i) = 6*i**s - 3*i - 2*i - 3 - i**v + 0*i**3. Calculate q(5).
-3
Let m(i) be the third derivative of i**4/24 + 2*i**3/3 + 2*i**2. Let c be m(0). Let t = c - 2. Let u(o) = 2*o + 1. What is u(t)?
5
Let b be -4*(-2*1)/(-2). Let h(j) = -13*j - 29. Suppose 5*t = -10 - 0. Let q(k) = 3*k + 7. Let n(v) = t*h(v) - 9*q(v). Determine n(b).
-1
Let g(i) = i - 1. Let q be g(-3). Let n(f) be the third derivative of -f**6/120 - f**5/15 - f**4/12 - 2*f**3/3 + f**2 - 27*f. Determine n(q).
4
Let j(h) = 2*h**2 + 5*h**3 + 0*h - 4*h**3 - 2 - h. Calculate j(2).
12
Let q(y) = 5*y + 0*y**2 - 4 + y**2 + 5 - 2. Let d be q(-6). Let s(v) = -4 - 1 - v**2 + d*v + 3 + 3. What is s(4)?
5
Let n(a) = a**2 + a + 1. Let b(c) = -5*c**2 - 6*c - 2. Let q(f) = b(f) + 4*n(f). Calculate q(-3).
-1
Let q be ((-14)/4)/(1/(-2)). Suppose -2*b + q*b = 0. Let n(g) = -g + 5. Calculate n(b).
5
Let y(c) = -c**3 + 6*c**2 + 6*c + 9. Let h be y(7). Let q(j) = j - 4*j**3 + j**h - 7 + 3*j**3 + 8. What is q(2)?
-1
Suppose -3*m = -0*m - 5*v - 13, 2*v + 6 = 2*m. Let z(p) = -6*p**3 - p**2 + p. Determine z(m).
-6
Let k(m) = -m**2 - 5*m - 4. Suppose -4*t + 3*w - 6 = 0, 4*w + 2 + 6 = 0. Give k(t).
2
Let i be (8/(-12))/((-2)/6). Suppose 3*k - 6 = 3. Let x(d) = d**2 - 2*d**3 - k*d**3 + 2 + 4*d**3. Give x(i).
-2
Let w be 3 + (0 - 0) + -2. Suppose 0 = u - 6. Let m = w - u. Let q(b) = b**3 + 5*b**2 - b - 1. Determine q(m).
4
Let j be (-2)/2 + -3 + 0. Let o(l) = l**2 + 6*l + 5. What is o(j)?
-3
Let v = -20 + 9. Let m = -11 - v. Let c(o) = -o**2 - 2. Calculate c(m).
-2
Let z(n) = -n - 7. Let q be z(-7). Let a(y) = -4*y**2 + 2*y - 6. Let w(m) = -11*m**2 + 5*m - 18. Let t(g) = -8*a(g) + 3*w(g). Give t(q).
-6
Let w(v) = -4*v**2 - v**2 - v**2 - 1 - v**2. Let o = -1 - -2. Calculate w(o).
-8
Let z(m) be the first derivative of -2*m**2 + m + 16. Calculate z(-3).
13
Let j be 11/3 + 4/12. Let a(v) = -v**2 + 2*v + 4. Give a(j).
-4
Let l(t) be the second derivative of -t**5/20 + 5*t**4/12 - 3*t**2/2 - 9*t. What is l(5)?
-3
Suppose -3*t - 2 = 4*n, 0 = 5*n + 3*t + 1 - 0. Let f(q) = -7*q**3 - 2*q**2 + 2*q - 1. Calculate f(n).
-8
Let t(q) = -q**2 - 4. Let s(z) = -2*z**2 - 7. Let k(r) = -3*s(r) + 5*t(r). Let l = -5 + 8. Suppose -u + 4*o = 10, -o = u - l*o + 6. What is k(u)?
5
Let k(o) = -o + 5. Let l be (-1)/2*(0 + 0). Let p be (15/6 - 2)*l. Give k(p).
5
Let r(d) = 13*d**3 - d**2 + 5*d + 3. Let j(s) = 6*s**3 - s**2 + 3*s + 2. Let l(n) = 5*j(n) - 3*r(n). Calculate l(1).
-10
Let c(o) = o**3 - 5*o**2 + 3*o + 3. Suppose -5*v + 52 - 17 = 0. Let n(t) = -t**3 + 6*t**2 + 9*t - 10. Let j be n(v). What is c(j)?
-1
Let a(q) be the first derivative of q**4/4 - 4*q**3/3 - 2*q**2 + 3*q - 12. Give a(5).
8
Let l(b) = b**2 - 3*b + 2. Suppose -w + 0 = -s + 3, 4*w - 2*s = -2. Let i be l(w). Let d be 2/2 - (-1 - i). Let v(p) = p**3 - 2*p**2 - 2*p + 3. What is v(d)?
-1
Suppose j = y - 5, 3*y +